s the tens digit of u?
5
What is the units digit of (1/1)/((4/(-102))/(-2))?
1
Let n be (1/2)/((-1)/(-10)). Suppose -s = -3*r + 7 - 25, -70 = -n*s - 5*r. What is the units digit of s?
5
Let w = 133 - 58. What is the tens digit of w?
7
Let v be (-38)/(-6) + (-9)/27. Suppose -4*o = -v*o + 28. What is the units digit of o?
4
Suppose 257 = 2*w - k + 32, 4*w = -3*k + 445. What is the units digit of w?
2
Let a(g) = g**3 - 16*g**2 + 9*g + 23. What is the units digit of a(16)?
7
Let q = 45 - -7. Suppose -24 = -5*o + 3*o + 2*x, 5*o = -3*x + q. What is the tens digit of o?
1
Let g(v) = -v**3 + 7*v**2 + 9*v + 9. What is the units digit of g(8)?
7
Suppose 44*x - 1120 = 39*x. What is the tens digit of x?
2
Suppose 4*u = 928 - 16. What is the tens digit of u?
2
What is the tens digit of (19 - 6)*(0 + 18 - 3)?
9
Let b(p) be the third derivative of p**6/120 + p**5/10 - p**4/8 - 5*p**3/6 + 3*p**2. What is the tens digit of b(-6)?
1
Let l(t) = 2*t - 3. Let x be l(4). Suppose x*r - 2*k = -41, 4*k = 7*r - 2*r + 47. Let y = r + 13. What is the units digit of y?
6
Suppose -2*u - 2 = -8. What is the units digit of 20/((u + 0)/3)?
0
Let a(m) = 4*m + 1. Let r be a(-1). Let i = r - -6. Suppose n + 2*h = 16, 0*h + i*h = -5*n + 52. What is the units digit of n?
8
Let q(m) = 10*m - 7. What is the tens digit of q(9)?
8
Let u(y) = -4 + 6*y + 1 + 1. What is the tens digit of u(5)?
2
Suppose t + 4 = 2*t. Suppose 42 = t*d - 14. What is the units digit of d?
4
Suppose -5*o = b - 47, -5*b = o - 11 - 8. Let p = 13 + -6. Suppose 4*w - o = p. What is the units digit of w?
4
Let j(k) = 174 - 3*k**3 - 151 + 2*k + 2*k**3. What is the units digit of j(0)?
3
Let v(t) = -t - t - 4 - t. What is the units digit of v(-4)?
8
Let j(a) = 2*a - 3. Let m be j(2). Suppose -4*t = -0*b + 3*b - 21, 0 = 4*t - 12. Let k = b - m. What is the units digit of k?
2
Let d(s) = 2*s - 2. Let i be -19 + 1/(3/(-3)). Let c be 8/10*i/(-8). What is the units digit of d(c)?
2
Suppose -15 = 5*g, -2*h + 3*g = -5*h - 6. Let v = h - 8. Let y = v - -13. What is the units digit of y?
6
Suppose -5*g = 5*y - 25, -g = -0*g + 5*y - 5. What is the units digit of g?
5
Let c(s) = 258*s**2 + s. What is the hundreds digit of c(1)?
2
Let n = -78 - -147. What is the units digit of n?
9
Let t(y) = -12*y**3 - 2*y**2 + 1. Suppose 3*c - 6*u - 7 = -u, 4*c = -4*u - 12. Let g be t(c). Let a = 18 - g. What is the units digit of a?
7
Suppose 0 = 3*f - 16 - 5. Suppose f*l = 2*l. Let q = 2 - l. What is the units digit of q?
2
Let p = 8 - 5. Let a = 5 - p. Suppose -5*y - 25 = 0, -5*n + 48 = -2*y - a. What is the units digit of n?
8
Let i(l) = 6*l + 16. What is the tens digit of i(10)?
7
Let j = 300 + -194. What is the units digit of j?
6
Suppose -3*k - r = -2*r - 83, -71 = -3*k - 5*r. Let t = 45 - k. Suppose 3*b = t - 0. What is the units digit of b?
6
Suppose -4*y = -5*d + 17, 6*y + 4*d = y + 30. What is the units digit of (15/(-3))/(y/(-4))?
0
Suppose 4*h = 2*z - 3*z + 10, -3*h + 40 = 2*z. What is the tens digit of z?
2
Suppose -2*v - 4*d + 28 = 0, -5*v - 2*d + 26 + 4 = 0. Let b be 4/14 + (-388)/(-14). Suppose 4*a = -v*t + b, 2*a - 2*t = -0*t + 18. What is the units digit of a?
8
Let g(k) = -k**3 - 4*k**2 + 2*k + 7. What is the units digit of g(-5)?
2
Suppose 0*d = 4*d + 12. Let s be 260/(-25) + 2/5. What is the units digit of d*(s/(-6))/(-5)?
1
Let s(v) = -v**3 + 16*v**2 + v - 11. Let l be s(16). Suppose -2*y + 76 = 4*x, -5*y + 210 = -0*x + l*x. What is the units digit of y?
6
Suppose -f + 13 = -5*u + 3*f, -2*u + 4*f = 10. Let p be (36/(-15))/(u/5). Let g = p - 5. What is the units digit of g?
7
Suppose -4*h + 8 = 0, 2*p - 5 = -5*h + 17. Let u(s) = 3*s - 5. What is the units digit of u(p)?
3
Let r(y) = -y. What is the units digit of r(-11)?
1
Suppose -x + 2 = -2. Let c be 0/(((-1)/1)/(-1)). Suppose -5*r - 2*o + o = -20, 4*r - x*o - 40 = c. What is the units digit of r?
5
Let b be (-1 - 2)*(-5)/3. Suppose -b*s + 68 = -97. What is the tens digit of s?
3
What is the tens digit of (-66)/(1/((-8)/12))?
4
Suppose o - 2 = -0. Suppose -3*z = o*z. Suppose z = -5*u - 2 + 27. What is the units digit of u?
5
Let s(u) be the second derivative of -u**4/12 - 11*u**3/6 + 3*u**2/2 + 4*u. Let y be s(-11). Suppose -2*h - y*h = -5. What is the units digit of h?
1
Let d(j) = 2*j + 18. Let g(x) = x + 6. Let r(w) = -3*d(w) + 8*g(w). Let i be r(4). What is the units digit of ((16 - i)/(-2))/(-1)?
7
Let g(n) = -2*n + 33. What is the units digit of g(-12)?
7
Let d = 140 - 62. What is the tens digit of d?
7
Let l = -56 - -159. What is the hundreds digit of l?
1
Suppose 20 = -4*p - 4*c + 8*c, 2*c - 3 = -5*p. Let q(k) = -k**3 + 3. Let d be q(0). What is the units digit of (1 - -9)/(d + p)?
5
Let y(v) = 6*v**3 + v**2 + 2*v + 1. Let l be y(-1). Let r(u) = 4*u + 1. Let g be r(l). Let o = g - -40. What is the tens digit of o?
1
Let x(t) = -5*t - 17. What is the tens digit of x(-13)?
4
Suppose c = -7*b + 3*b - 176, -c = -3*b - 125. Let z = b - -60. What is the tens digit of z?
1
Let a be -1 - 5 - -3 - -6. Suppose -52 = -5*k + 5*g - 3*g, 0 = -3*g - a. What is the units digit of k?
0
Suppose -2*d + 0*d = -10. Let s(j) = 10*j - 9. What is the tens digit of s(d)?
4
Suppose 4*q + 3*v = 209, -4*v + v + 153 = 3*q. Suppose -q = t - 5*t. What is the tens digit of t?
1
Let v(j) = -j**3 + 7*j**2 + 11*j. What is the tens digit of v(8)?
2
Suppose 6*p + 4 = 2*p. Let u be ((p - -1) + 1)*8. Let v = -1 + u. What is the units digit of v?
7
Let y(p) = p**3 + 8*p**2 + p - 3. What is the units digit of y(-4)?
7
Let t be (4/5)/(6/(-30)). Let y(n) = -3*n - 1. What is the units digit of y(t)?
1
Suppose 0 = 3*x + 4*l + 11, -2*x + l + 6 = -3*l. Let o(a) = -2*a - 1. Let g be o(x). Let i = 9 + g. What is the tens digit of i?
1
Let c(b) = 5*b + 3 - 5 - 5*b + 2*b**2 + b. Let z = -3 + 1. What is the units digit of c(z)?
4
Let b = 10 - 10. Suppose -y - 1 + 5 = b. What is the units digit of y?
4
Suppose -3*s - 3 + 0 = 0, i + 2*s = 0. Suppose 5 = -i*v + 49. What is the tens digit of v?
2
Suppose -300 = -2*z - 3*z. Suppose 2*x = -3*x + z. What is the units digit of x?
2
Let x(p) be the second derivative of p**4/6 - p**3/6 - 2*p**2 + 5*p. What is the units digit of x(2)?
2
Let j(l) = 5*l**2 - 4*l. Let m be j(3). Suppose 6 = 2*h, -4*u - 2*h + 25 = -m. What is the units digit of u?
3
Suppose 1048 = 5*x + 4*z, -5*x + 413 + 621 = -3*z. What is the units digit of x?
8
Let d be (-1)/5 - 672/15. Let p = d - -80. What is the units digit of p?
5
Let z be (-2)/(-4) - (-195)/(-10). What is the tens digit of -2 + 1 + 0 - z?
1
Suppose l = -5*t + 134, 4*t + 3*l - 142 = -t. What is the tens digit of t?
2
Suppose 4*v + 0 = 4*b - 8, 30 = 5*v + 5*b. What is the units digit of v?
2
Let g(d) = d - 5. Let f be g(6). Let h = 6 + f. Let c(n) = 2*n - 5. What is the units digit of c(h)?
9
What is the tens digit of (-4)/((-8)/52*1)?
2
Suppose 45 = 3*f + a - 11, f - 3*a = 32. What is the units digit of f?
0
Suppose -h + 191 = d, 3*d - 464 = -4*h + 108. What is the units digit of d?
2
Let f(i) be the first derivative of i**4/4 - 5*i**3/3 + 5*i**2/2 - i + 3. Let w be f(4). Suppose w*j = 13 + 5. What is the units digit of j?
6
Let r be (276/(-3))/(-2) + -1. Suppose -4*k + 5 - 1 = -4*x, 0 = 5*x + 5*k - r. Suppose 3*a = x - 1. What is the units digit of a?
1
Let d(k) = k**2 + 5*k. What is the units digit of d(-9)?
6
Suppose 2*i - 214 - 180 = 0. What is the tens digit of i?
9
Suppose -2*f - 7 = -2*b + b, 2*f = -4*b + 68. Suppose -19 = -2*o + c - 4, -5*c = -b. What is the units digit of o?
9
What is the units digit of (3/9)/((-4)/(-204))?
7
Let a = 0 - -6. Suppose 4*y - 12 = -4*r, 4*r + y - a*y = 12. Suppose 0 = 4*n + 3*m + 5, 4*n + r*m - 8*m - 19 = 0. What is the units digit of n?
1
Suppose 6*q - 23 = 19. What is the units digit of q?
7
Suppose 2*z = -l - 0*l + 34, 2*l - 52 = 4*z. What is the tens digit of l?
3
Let o(f) = 3*f**3 - f**2 + 2*f - 1. Let v be o(1). Suppose -l = -v*l. What is the tens digit of (-18)/(-2) - (l + -2)?
1
Suppose 5*r = -2*k - 2, -k + r = 1 - 0. Let y = k + -19. What is the units digit of (-5)/(-2)*(-72)/y?
9
Suppose -5*s - 4*g = -3*g - 1664, -2*s - 5*g = -661. What is the tens digit of s?
3
Let b(o) = -o. Let g be b(-3). Let r be g/12 + (-50)/8. Let p(c) = -c**3 - 7*c**2 - 7*c + 2. What is the units digit of p(r